digit of n?
4
Let n be 15*(0 - 6/(-10)). Let a(o) = o + 5. What is the units digit of a(n)?
4
Let j(k) = -4*k - k**3 + 7 - 5*k**2 + 3*k + 5*k. What is the units digit of j(-6)?
9
Suppose -p + 101 = 4*d, 3*p + 2*p - 568 = d. What is the tens digit of p?
1
Suppose -734 = -4*g - 0*i + 3*i, 4*g - 5*i - 738 = 0. What is the tens digit of g?
8
What is the tens digit of (14/(-4))/(3/(-630)*3)?
4
Let o(i) be the second derivative of -11*i**5/20 - i**4/6 - i**3/6 - 2*i. Let q = -1 - 0. What is the units digit of o(q)?
0
Suppose -2*q = -5*q + 9. Let a(x) = 3 - x - 5 + q. What is the units digit of a(-1)?
2
Suppose 2 = -2*p, -3*p = -l - 2*p + 7. Let m be (l/(-9))/(1/21). Let q = -3 - m. What is the tens digit of q?
1
Suppose 5*n - 2*n - 24 = -4*s, 4*s = 2*n + 24. Let j = 14 - s. What is the units digit of j?
8
Let u be (-2)/(0 - -2) - 17. Let z = -13 - u. Let c = z + 1. What is the units digit of c?
6
Suppose 0 = 4*r + 5*d - 18, -4*r + 0*d = -d - 6. Suppose 0 = -3*f - 9, r*p - 43 = -2*p + 5*f. What is the units digit of p?
7
Let b(m) = 22*m + 29. What is the tens digit of b(9)?
2
Let f = 17 + -11. Suppose -2 = -3*c - 2*g, -5*g - f = -26. Let v = 3 + c. What is the units digit of v?
1
Let c(j) = 3*j + 5. What is the units digit of c(10)?
5
Let d(r) be the third derivative of r**6/120 - r**5/10 - 5*r**4/24 + 5*r**3/3 + r**2. What is the units digit of d(7)?
4
Let v be 0*3/(-9) + -36. Let a = -22 - v. What is the units digit of a?
4
Let l(z) be the second derivative of z**4/6 + z**3/6 - z**2/2 + z. Let n be l(1). Suppose n*k - 19 = 7. What is the tens digit of k?
1
Suppose 5*f - 66 = 4*n - 22, -3*f + 44 = 2*n. Suppose -5*d + 168 + f = 0. What is the units digit of d?
6
Let f(r) = -1 - 4 - 5 + r**2. What is the units digit of f(6)?
6
Let a(t) = t**2 - 2*t - 8. What is the units digit of a(-7)?
5
Let i be ((-2)/(-4))/(2/8). Suppose 13 = 2*t - 1. Let r = t - i. What is the units digit of r?
5
Let v(k) = 5*k**3 - 32*k**2 - 18*k - 20. Let i(b) = 2*b**3 - 11*b**2 - 6*b - 7. Let w(d) = 8*i(d) - 3*v(d). What is the units digit of w(-7)?
1
Let a(l) = -l**3 - 3*l**2 - l - 1. Let w be a(-3). Suppose n = -w*q - 2*q + 53, -5*q = 2*n - 67. What is the tens digit of q?
1
Let j(p) = 5*p - 5. What is the tens digit of j(4)?
1
Suppose a + 4 = 10. Let v(t) = -t**3 + 6*t**2 + 5*t + 2. What is the tens digit of v(a)?
3
Let w(r) = 3*r - r + 6 - 4*r. Let d be w(8). Let m(y) = -y**2 - 12*y - 14. What is the units digit of m(d)?
6
Suppose 0*v = -2*v + 44. What is the tens digit of v?
2
Suppose 0 = -3*m + 4*m - 3. Suppose z = -m*z - 12. Let d = z + 12. What is the units digit of d?
9
Let x be 3 + -2 - 49/(-1). Let p = x + -31. What is the units digit of p?
9
Suppose -5*a - 2*x + 173 = -3*x, -5*a + 3*x = -169. Let t = -21 + a. What is the tens digit of t?
1
Let o = 3 - 5. Let w be 7 - (o - (-2 - 3)). Let u(j) = j**2 - j + 5. What is the tens digit of u(w)?
1
Let x = 0 - -6. Let o = x + -5. Suppose 0 = w - 11 - o. What is the tens digit of w?
1
Let z(a) = a**3 - 4*a**2 + 3*a - 6. Let p = -1 + 5. Let q be z(p). Suppose 5*h + 2*u - 70 = 0, 2*h + 39 = q*h + 5*u. What is the tens digit of h?
1
Suppose -n = 3*c - 4*n - 9, -5*n + 15 = 0. Let u(z) = z**3 - 4*z**2 - 8*z + 1. What is the tens digit of u(c)?
2
Suppose -3*q + 3*n + 4 = -2*q, 3*q - 3*n - 6 = 0. What is the units digit of q?
1
Let m = 7 + -10. Let p = m - -7. What is the units digit of p?
4
Let c(g) = -g**2 - 10*g + 3. Let v be c(-5). Suppose -2*w + 2*x + 16 + 18 = 0, v = 2*w - 4*x. What is the units digit of w?
0
Let g be (24 + -2)*15/(-6). Let y = -17 - g. What is the tens digit of y?
3
Let n be 10/4 - 4/(-8). Suppose 2 = a - n. Suppose -16 + 1 = -a*y. What is the units digit of y?
3
Let n(w) = w**3 - 5*w**2 + 2*w - 7. Let z be n(5). Let l be -3*(2/z + -2). Suppose -31 = -l*m + 5. What is the units digit of m?
9
Suppose 2*c = -4*a + 58, -a - 134 = -6*c + 2*c. Suppose 0 = 3*h - 7*s + 3*s - c, s - 33 = -3*h. What is the tens digit of h?
1
What is the units digit of 17*2 + -6 + 8?
6
Suppose -x + 21 = m + x, 5*m - 3*x - 40 = 0. What is the units digit of m?
1
Let o be 30/(-4)*40/25. Let w = o - -18. What is the units digit of w?
6
What is the tens digit of 210/4 - (-2)/(-4)?
5
Let a(v) = 3*v - 1. Let s(p) = -p**3 + 7*p**2 + 8*p + 2. Let r be s(8). What is the units digit of a(r)?
5
Suppose -106 = -5*q - 36. What is the units digit of q?
4
Let c(s) = 6*s + 8*s**2 - s + 0*s - 2*s. What is the units digit of c(-2)?
6
What is the tens digit of (39/(-6) - 3)*-2?
1
Suppose 2 + 44 = 2*u. Let p = -7 + u. What is the tens digit of p?
1
Suppose 2*r + 2 = 8. Suppose 2*x - 4*y = 1 + 23, r*x - 14 = -5*y. What is the units digit of x?
8
Let n = 43 - 22. What is the units digit of n?
1
Let k = -65 - -107. Suppose -4*r + k = -2*r. What is the tens digit of r?
2
What is the units digit of 62*((-7)/2)/(-7)?
1
What is the tens digit of 37/1*(-1 + 2)?
3
What is the tens digit of -3*(512/(-33) - 10/(-55))?
4
Suppose 4*w + 178 - 38 = 4*r, 3*r - 75 = -3*w. What is the units digit of 12/r - (-8)/5?
2
What is the units digit of (-714)/28*2*-1?
1
Let r(z) = 13*z + 80. What is the units digit of r(-6)?
2
Suppose -5*m = 5, 2*a - 66 = 3*m + 131. What is the tens digit of a?
9
Suppose 48 = 2*h - 2*v - 2*v, 0 = -4*v - 20. What is the units digit of h?
4
What is the units digit of 20/(-50) + 12/5?
2
Let b = 84 + 55. Suppose -5*l = 5*p - 160, b = 5*p - 2*l - 0*l. Suppose -31 - p = -5*d. What is the tens digit of d?
1
What is the tens digit of (-3 - 9)*(-3)/2?
1
Let f be 64/6 + (-1)/(-3). Suppose 2*q + q - 9 = 0. Let t = f - q. What is the units digit of t?
8
Let s be ((-15)/3 + 2)*-1. Suppose -s*y + 2 = -4. Suppose -4*x = 2*l - 12, -y*l + 0*x = 3*x - 10. What is the units digit of l?
2
Suppose 5*s - 3*s - 12 = 0. Let g = 1 - 1. Suppose g = 3*z - s - 39. What is the units digit of z?
5
Let n be 3/2*12/9. What is the units digit of 2/n - (-4 - -1)?
4
Let r(l) = l**3 + 7*l**2 + 6*l + 3. Let d = -8 + 4. What is the units digit of r(d)?
7
Let v(b) = b**3 + 5*b**2 - 5*b + 6. Let r be v(-6). Suppose -4*n + 71 = z, r = -5*n + 3*z + z + 73. What is the units digit of n?
7
Suppose 7*l + l - 1032 = 0. What is the hundreds digit of l?
1
Suppose 1 = 5*y - j - 20, 4*j + 9 = 5*y. Let w be (-2 - (-2 - 0)) + 7. Let h = w + y. What is the tens digit of h?
1
Let l be 31*5/((-5)/(-2)). Suppose 0 = -5*w - 4*y + l, 0 = 3*w - 0*w - y - 27. What is the units digit of w?
0
Let w be 7/2 - (-6)/12. Suppose -5*y - 3 + 1 = -3*s, -2*y = -5*s + 16. Let m = w + s. What is the units digit of m?
8
Suppose 2*p = -2*p. Suppose 2*q - k - 7 = 0, -4*q = 3*k - 19 - p. What is the units digit of q?
4
Let r be -1*(2 - 1) + -12. Suppose 6*v - 2*v = 100. Let n = r + v. What is the units digit of n?
2
What is the hundreds digit of 1002/8 + (-7)/28?
1
Suppose 160 - 874 = -6*y. Suppose -4*f - 1 = 2*n - 67, 3*n - y = -2*f. What is the units digit of n?
3
Let w(l) = l + 13. Let o be w(-5). Suppose -y = -5*y + 4. Suppose o = 3*g - y. What is the units digit of g?
3
Let o(r) = 8*r + 7. Let j(s) = -s - 1. Let g(d) = 10*j(d) + 2*o(d). What is the tens digit of g(4)?
2
Let k(b) = -4*b - 4. Let w be k(-3). Let a(m) = -w + 2 + m + 7*m - m**2. What is the units digit of a(6)?
6
Let l(y) = 5*y**2 + 3*y + 3. What is the units digit of l(3)?
7
Let w = 155 + -87. What is the units digit of w?
8
Suppose 4*j + 95 = -1. Suppose -6*i - 16 = -2*u - i, -2*u - 2*i - 12 = 0. What is the units digit of (j/20)/(u/10)?
6
Suppose -2*x + 5*w + 1 = -x, w - 11 = 3*x. Let l = 0 - x. Suppose l*h + 21 = 73. What is the tens digit of h?
1
Suppose 2*f + 4*w = 94, 0 = 2*f - 5*f - 2*w + 145. What is the units digit of f?
9
Suppose -d - 4*d + 4 = -x, 4*x + 5*d - 9 = 0. Let k = x + -1. Let p(r) = r + 8. What is the units digit of p(k)?
8
Let j be (-2)/(-6) + (-15)/(-9). What is the units digit of (-68)/(-7) - j/(-7)?
0
Let l = 425 + -111. What is the units digit of l?
4
Let m(n) = -n. Let h be m(0). Suppose z - 4 = -3*w, 2*z = -h*z - 4*w + 16. What is the tens digit of z?
1
What is the units digit of (2 - 9)*(5 - 6)?
7
Let h = -8 - -13. Suppose 5 = 2*m - s, -2*m - h = 3*s - 2*s. Suppose -4*r + 35 = 5*g - m*g, -2*g + 27 = -r. What is the units digit of g?
1
Suppose -2*k = -7*k + 15. Suppose -5*c - k = -73. What is the units digit of c?
4
What i